{"id":2,"date":"2021-01-30T23:36:38","date_gmt":"2021-01-30T23:36:38","guid":{"rendered":"https:\/\/methokonsultoria.com\/?page_id=2"},"modified":"2024-02-14T23:49:12","modified_gmt":"2024-02-14T23:49:12","slug":"pagina-ejemplo","status":"publish","type":"page","link":"https:\/\/methokonsultoria.com\/","title":{"rendered":"Home"},"content":{"rendered":"[vc_row][vc_column]<div class=\"wpex-slider-preloaderimg\"><img data-no-lazy=\"1\" class=\"skip-lazy\" src=\"https:\/\/methokonsultoria.com\/wp-content\/uploads\/2024\/02\/home3.jpg\" alt='' data-no-retina width=\"1920\" height=\"831\" \/><\/div><div class=\"vcex-module wpex-slider slider-pro vcex-image-slider clr\" data-auto-play-delay=\"5000\" data-animation-speed=\"600\" data-height-animation-duration=\"500\" data-thumbnail-height=\"70\" data-thumbnail-width=\"70\"><div class=\"wpex-slider-slides sp-slides\"><div class=\"wpex-slider-slide sp-slide\"><div class=\"wpex-slider-media\"><img data-no-lazy=\"1\" class=\"skip-lazy\" src=\"https:\/\/methokonsultoria.com\/wp-content\/uploads\/2024\/02\/home3.jpg\" alt='' data-no-retina width=\"1920\" height=\"831\" \/><\/div><\/div><div class=\"wpex-slider-slide sp-slide\"><div class=\"wpex-slider-media\"><img data-no-lazy=\"1\" class=\"skip-lazy\" src=\"https:\/\/methokonsultoria.com\/wp-content\/uploads\/2024\/02\/home4.jpg\" alt='' data-no-retina width=\"1920\" height=\"831\" \/><\/div><\/div><div class=\"wpex-slider-slide sp-slide\"><div class=\"wpex-slider-media\"><img data-no-lazy=\"1\" class=\"skip-lazy\" src=\"https:\/\/methokonsultoria.com\/wp-content\/uploads\/2021\/02\/home1-1.jpg\" alt='' data-no-retina width=\"1920\" height=\"831\" \/><\/div><\/div><\/div><\/div>[\/vc_column][\/vc_row][vc_row][vc_column width=&#8221;1\/3&#8243;]<div class=\"vcex-module vcex-callout clr\"><div class=\"vcex-callout-caption clr\"><h3><img loading=\"lazy\" class=\"alignnone wp-image-17 size-large\" src=\"https:\/\/methokonsultoria.com\/wp-content\/uploads\/2021\/02\/home-anexo1-1024x576.jpg\" alt=\"\" width=\"980\" height=\"551\" \/>Somos una consultor\u00eda con amplia experiencia en temas ambientales: agua, ingenier\u00eda, desarrollo e innovaci\u00f3n.<\/h3>\n<\/div><\/div>[\/vc_column][vc_column width=&#8221;1\/3&#8243;]<div class=\"vcex-module vcex-callout clr\"><div class=\"vcex-callout-caption clr\"><h3><img loading=\"lazy\" class=\"alignleft wp-image-15 size-large\" src=\"https:\/\/methokonsultoria.com\/wp-content\/uploads\/2021\/02\/shutterstock_367599176-1024x576.jpg\" alt=\"\" width=\"980\" height=\"551\" \/>Contamos con un equipo de profesionales capacitados en dar soluciones\u00a0a nivel internacional.<\/h3>\n<\/div><\/div>[\/vc_column][vc_column width=&#8221;1\/3&#8243;]<div class=\"vcex-module vcex-callout clr\"><div class=\"vcex-callout-caption clr\"><h3><a href=\"https:\/\/methokonsultoria.com\/?page_id=174\"><img loading=\"lazy\" class=\"alignnone wp-image-169 size-large\" src=\"https:\/\/methokonsultoria.com\/wp-content\/uploads\/2024\/02\/shutterstock_1147467608-2-1024x575.jpg\" alt=\"\" width=\"980\" height=\"550\" \/><\/a><\/h3>\n<h3>Tenemos un servicio especializado en compliance en aguas nacionales y sus bienes p\u00fablicos inherentes.<\/h3>\n<\/div><\/div>[\/vc_column][\/vc_row]\n","protected":false},"excerpt":{"rendered":"<p>[vc_row][vc_column][\/vc_column][\/vc_row][vc_row][vc_column width=&#8221;1\/3&#8243;][\/vc_column][vc_column width=&#8221;1\/3&#8243;][\/vc_column][vc_column width=&#8221;1\/3&#8243;][\/vc_column][\/vc_row]<\/p>\n","protected":false},"author":1,"featured_media":0,"parent":0,"menu_order":0,"comment_status":"closed","ping_status":"open","template":"","meta":[],"_links":{"self":[{"href":"https:\/\/methokonsultoria.com\/index.php?rest_route=\/wp\/v2\/pages\/2"}],"collection":[{"href":"https:\/\/methokonsultoria.com\/index.php?rest_route=\/wp\/v2\/pages"}],"about":[{"href":"https:\/\/methokonsultoria.com\/index.php?rest_route=\/wp\/v2\/types\/page"}],"author":[{"embeddable":true,"href":"https:\/\/methokonsultoria.com\/index.php?rest_route=\/wp\/v2\/users\/1"}],"replies":[{"embeddable":true,"href":"https:\/\/methokonsultoria.com\/index.php?rest_route=%2Fwp%2Fv2%2Fcomments&post=2"}],"version-history":[{"count":8,"href":"https:\/\/methokonsultoria.com\/index.php?rest_route=\/wp\/v2\/pages\/2\/revisions"}],"predecessor-version":[{"id":197,"href":"https:\/\/methokonsultoria.com\/index.php?rest_route=\/wp\/v2\/pages\/2\/revisions\/197"}],"wp:attachment":[{"href":"https:\/\/methokonsultoria.com\/index.php?rest_route=%2Fwp%2Fv2%2Fmedia&parent=2"}],"curies":[{"name":"wp","href":"https:\/\/api.w.org\/{rel}","templated":true}]}}